60 + 5*v**4/24 + 4*v**3/3 - 2*v**2. Let z be m(6). Is (143/z)/((-5)/(-10)) prime?
False
Let y = -1781 - -596. Let c = -776 - y. Is c a prime number?
True
Suppose -5*r + j - 16 = -r, -2*r - 8 = -3*j. Is r + (-1)/((-1656)/1655 - -1) a prime number?
False
Suppose -v = -10*v + 5049. Suppose -v = -7*m + 328. Is m a composite number?
False
Let k(l) = l + 10. Let z be k(-12). Is z + 998/2 + 2 prime?
True
Let h(k) = -4356*k**3 - k**2 - 25*k - 23. Is h(-1) a composite number?
False
Suppose -o + 4723 = -2*a - 528, -15768 = -3*o + 3*a. Is o a prime number?
True
Suppose -h + g = -3*h + 15, 0 = -5*g - 15. Let u(r) = 92*r - 11. Is u(h) a composite number?
True
Suppose -29 + 224 = 5*f. Let z = f + 19. Suppose -403 = -5*b - z. Is b composite?
True
Let h be (-8)/(-1) + 6 + -2. Suppose h*g = 7*g + 2365. Is g a composite number?
True
Let z be (4/5)/(52/130). Suppose -120 - 30 = -2*q - 4*c, 2*c = z*q - 126. Is q composite?
False
Suppose -5*s - 11464 + 55169 = 0. Is s composite?
False
Suppose 5*b - 10 = -5*q, -4*q + b - 2 = -10. Suppose y - 1403 = -5*u, -u + 2279 = q*y - 491. Is y composite?
True
Let f(d) = -3*d**2 + 2*d - 1. Let o be f(1). Let g(s) = 2*s**2 + 2*s + 32. Let w be g(6). Is ((-184)/16)/(o/w) composite?
True
Let i be ((1282 - -2) + -1)/1. Suppose i = 4*p + 3*h, 3*p - 2*h - h = 936. Is p a prime number?
True
Suppose 3*v - 119 = -1067. Let b be v/(-44) + 4/(-22). Suppose 4*q - b*q + 2121 = 0. Is q composite?
True
Let b(c) = 2*c**2 - 4*c - 4. Let j be b(3). Is (5 - j - 1966/(-2)) + -3 prime?
True
Let j = 320 + 100. Suppose -3*g + 2*i = -j, 5*g - 5*i - 269 = 3*g. Is g a prime number?
False
Let s = 122 - 122. Let l = 1 - -1. Suppose 62 = l*h - s*h. Is h prime?
True
Let r = 67203 + -23470. Is r prime?
False
Let x be 3 - (-8 + -3)/1. Let i(j) = 2 - 1 + 4*j**2 - 8*j + 12*j + x*j. Is i(-13) composite?
False
Is 3/15 + 866334/105 a prime number?
False
Let t(a) = -24*a**2 + 2. Let x be t(3). Suppose 2*d + 187 = -11. Let s = d - x. Is s a composite number?
True
Suppose -8*s + 1324 = -58668. Is s composite?
False
Let h be (-468)/42 + 1/7. Let k(s) = -3*s**3 - 16*s**2 - 15*s + 17. Let u(l) = -7*l**3 - 33*l**2 - 31*l + 33. Let v(f) = -5*k(f) + 2*u(f). Is v(h) composite?
True
Let i be ((-1)/2)/((-1)/12). Let u(a) = -9 + 26*a + 51*a + 37*a - 2. Is u(i) a composite number?
False
Suppose 22 = -5*a + 3*m + 189, -2*a + 78 = -4*m. Let z be 4*2/8*-3 + 3. Suppose j + a - 98 = z. Is j a prime number?
True
Suppose 3 = -4*g + 3*o + 6, 4*g + o = 15. Suppose -4*n - g*r + 621 = 0, 3*n + 120 = 3*r + 612. Is n a composite number?
True
Suppose 121*y = -1149035 + 5372782. Is y a prime number?
False
Suppose 13*u - 27*u + 792190 = 0. Is u prime?
False
Let l = 72 - 69. Let n(z) = 199*z - 10. Is n(l) prime?
True
Let d(v) = 6*v**3 - 4*v**2 + 4*v - 2. Let q be d(3). Let t = 337 - q. Is t a prime number?
False
Let g(j) = -7*j**3 - j**2 + 6*j + 5. Let q be (-4)/3 - (-10)/(-15). Let z be g(q). Suppose 3*k - z = -0*k. Is k a composite number?
True
Suppose 34 = r + 135. Let n = r - -394. Is n prime?
True
Let x(q) = -q**3 - 19*q**2 + 21*q + 17. Let l be x(-20). Is (-422)/l*60/40 prime?
True
Let w(i) = -i + 4. Suppose 3*j - 2*j + 3 = 0. Let q be w(j). Suppose q*t - 3*t - 2164 = 0. Is t a composite number?
False
Suppose 2*h + 35893 = p, -143560 = -4*p - 3*h + 8*h. Is p a prime number?
False
Is -5*1*4948341/(-285) a prime number?
True
Let s(r) = 4*r**2 - 6*r + 2. Let o be s(5). Suppose -5*h + 2*l - 3*l - 290 = 0, o = -h - 3*l. Let g = 112 + h. Is g prime?
False
Let j(x) = 6*x**2 + 39*x - 32. Let y = -56 - -35. Is j(y) a composite number?
True
Let w(r) = r**3 + 5*r**2 + 3. Let p be w(-5). Suppose 2*q + q + 12 = 0, 0 = -p*t + q + 10. Suppose 0 = k + t*k + 6, k + 64 = 2*a. Is a a prime number?
True
Is (0 - -1037) + -2 + 4 prime?
True
Let q(z) = -2*z + 2. Let a be q(4). Let i be (4/(-12))/(-3 - 196/(-63)). Is i/a + 1335/6 composite?
False
Let p = 478 - -3085. Is p composite?
True
Let r = -3019 + 12050. Is r composite?
True
Suppose 2*h - z = 20037, 0 = -z - 2 + 3. Is h a prime number?
False
Let x = 78 - 91. Is 77493/x*1/(-3) a prime number?
True
Suppose -18 = v - 3*v. Let n = v + -6. Is (-9)/(-6)*382/n a composite number?
False
Suppose -n - 4*t + 134 = 0, 3*n - 5*t - 494 = -n. Suppose y + 4*y = 2*h - n, 0 = 3*h + 4*y - 143. Is h a prime number?
True
Let y(v) = 201*v**2 - 16. Let r be y(5). Suppose 16*d - 13921 = -r. Is d a composite number?
False
Let j(p) = 327*p + 55. Is j(16) a composite number?
True
Let i be 2 + 16 + (-8)/4. Suppose f = -5*s + i, -1 = 5*f + 4*s + 3. Let a(u) = -45*u - 3. Is a(f) a composite number?
True
Suppose 3*u + 3*j - 28441 = -9079, 3*u = 3*j + 19332. Is u a prime number?
True
Let c(q) be the third derivative of -11*q**6/120 - q**4/24 - q**2. Let g(u) = -23*u**3 - 2*u. Let w(v) = 5*c(v) - 3*g(v). Is w(3) a composite number?
True
Suppose -4*q = 27*q - 1526843. Is q a prime number?
True
Let i = -1686 - -1047. Let o = -328 - i. Is o prime?
True
Let n be ((-296)/14)/((-18)/63). Suppose -4*a + 3*a = n. Let u = a - -229. Is u a composite number?
True
Is 2668/12 - ((-4)/(-12) + -1) a prime number?
True
Suppose 21*t = 22*t - 17. Let q(w) = w**3 - 18*w**2 + 20*w - 18. Is q(t) a prime number?
False
Let l be 3 - 5 - 12562/2. Is 1*(l/(-5) - 2/(-5)) a prime number?
False
Is (-1)/2 - (2 - 44277/6) a prime number?
False
Suppose -5*a = t - 2*t + 28, 0 = 5*t + a - 10. Let q(o) = 46*o**2 - 4*o + 1. Is q(t) a composite number?
True
Let b be 3/((-9)/6) + 32. Is ((-3065)/15)/(3 - b/9) a composite number?
False
Let f(z) = -z**2 - 8*z - 10. Let l be f(-7). Let s be -1 + l + (-1 - -2). Is (1/s)/(8/(-2664)) prime?
False
Let q(v) = -v**3 + 3*v**2 + 10*v + 8. Let c be q(5). Suppose 12*y = c*y + 1812. Is y a prime number?
False
Let h(d) = d**3 - 2*d**2 + 54*d + 20. Is h(21) composite?
False
Let g = -1265 + 4752. Is g prime?
False
Suppose -4*j + 2*y = -20622, 2*j + y - 11438 = -1117. Is j prime?
False
Let k be (-69)/2*2*-1. Suppose 88 = v - k. Is v a prime number?
True
Let n = -17 - -20. Suppose s = -0*i - n*i + 30, -4*i - 5*s = -29. Is i prime?
True
Suppose -4*t - 4 = 0, 27*s = 29*s + t - 26493. Is s a prime number?
False
Is 1/((-2)/(-7) + (-49482)/173334) prime?
True
Suppose w - 2*w = 0. Suppose c - 23 - 84 = w. Is (c/(-2) + -3)*-2 a prime number?
True
Suppose 4*z - z = 48. Let a be 6/8 + (-1180)/z. Let u = 110 + a. Is u composite?
False
Suppose 13*d = 16*d, -2*d = -3*t + 4071. Is t a composite number?
True
Is ((-9)/((-90)/4))/(4/26470) a prime number?
True
Let q = 29816 + -12069. Is q composite?
False
Suppose g - 11610 = -2*x, -7903 = -4*x - g + 15321. Is x composite?
False
Is (-4)/(-28) + 132840/42 a composite number?
False
Let n(t) = -t + 3. Let v be n(3). Suppose 5*y - 4*z = -2474, z - 5*z = -3*y - 1486. Is v - (y + -2 + 3) a prime number?
False
Let k(v) = -v + 4. Let t be k(-3). Suppose 3*d - 5 = 2*c - c, 4*c + d = -t. Is ((-181)/c)/(4/8) prime?
True
Let s(t) be the first derivative of -31/2*t**2 + 0*t + 6. Is s(-1) a composite number?
False
Suppose 78 = 6*i - 42. Suppose -18*a + i*a = 1358. Is a a composite number?
True
Suppose 92523 - 27829 = 14*v. Is v composite?
False
Suppose 3*x + 3*i - 73833 = 0, -9*x + 2*i + 123055 = -4*x. Is x a prime number?
True
Suppose -3*g + 2*n = -1463, -4*n - 574 = -5*g + 1861. Is g composite?
False
Let j = 5240 - 1018. Suppose 2*w - 4844 = j. Is w prime?
False
Suppose -35*c = 6*c - 305491. Is c a prime number?
True
Suppose 0 = 4*m - 33699 - 20897. Is m a composite number?
False
Suppose -5*j + 1541 = t, 0*t - j = 2*t - 3082. Is t a prime number?
False
Let l(q) = 263*q**2 - q - 5. Is l(-7) prime?
True
Let m = 104155 - 72062. Is m a prime number?
False
Let k(g) = 363*g**2 - g + 9. Is k(-5) a composite number?
True
Let f(g) = 1405*g**2 + 8*g + 30. Is f(-3) composite?
True
Let j(z) = z**3 + 16*z**2 + 14*z - 16. Let b be j(-15). Is (-3 + 1 - 209)/b a composite number?
False
Let h(x) = 44*x**2 + 2*x + 1. Let p be h(-1). Let l be 92/2 - 3 - (-2 + -1). Let n = p + l. Is n a composite number?
False
Let s(w) = w**3 - 5*w**2 + 4. Let l be s(7). Let o = l - -191. Is o a prime number?
True
Let c = -1592 - -1127. Let u = 116 - c. Is u a prime number?
False
Let p(q) = 793*q + 7. Suppose 0 = 2*m - 3 - 7. Let z be p(m). Suppose -x + 5*x = z. Is x a composite number?
True
Let y(o) = -